{"id":4989,"date":"2020-05-19T01:28:35","date_gmt":"2020-05-18T23:28:35","guid":{"rendered":"http:\/\/www.terratec.com.bo\/?post_type=product&#038;p=4989"},"modified":"2022-06-20T21:03:30","modified_gmt":"2022-06-20T19:03:30","slug":"sensi-discos","status":"publish","type":"product","link":"http:\/\/www.terratec.com.bo\/?product=sensi-discos","title":{"rendered":"SENSI DISCOS"},"content":{"rendered":"<p style=\"text-align: center;\"><span lang=\"es\">Con la cartera BD BBL \u2122 Sensi-Disc \u2122, BD ofrece a los laboratorios una soluci\u00f3n de<br \/>\ndifusi\u00f3n de disco precisa, conveniente y amplia que proporciona informaci\u00f3n a los<br \/>\nm\u00e9dicos para ayudarles a guiar sus decisiones de tratamiento.<\/span><\/p>\n<p style=\"text-align: left;\"><strong>Calidad<\/strong><br \/>\nLos estrictos est\u00e1ndares de calidad y la experiencia en el desarrollo y fabricaci\u00f3n de discos dan como resultado discos que producen resultados precisos y consistentes.<\/p>\n<p style=\"text-align: left;\"><strong>Rendimiento<\/strong><\/p>\n<p style=\"text-align: left;\">En una evaluaci\u00f3n reciente de EUCAST de m\u00faltiples fabricantes de discos antimicrobianos a nivel mundial, los discos de prueba de sensibilidad BD BBL \u2122 Sensi-Disc \u2122 se clasificaron entre los m\u00e1s altos en calidad de disco.<\/p>\n<p style=\"text-align: left;\"><strong>Econ\u00f3mico<\/strong><\/p>\n<p style=\"text-align: left;\">Los productos BD BBL \u2122 Sensi-Disc \u2122 ofrecen una opci\u00f3n efectiva y econ\u00f3mica para las pruebas de sensibilidad a los antimicrobianos (AST).<\/p>\n","protected":false},"excerpt":{"rendered":"<p style=\"text-align: left;\"><strong>BD BBL Sensi-Disc<\/strong><\/p>\n<p style=\"text-align: left;\">Discos de prueba de susceptibilidad antimicrobiana<\/p>\n<p style=\"text-align: left;\">Logre una difusi\u00f3n de disco precisa para los laboratorios de microbiolog\u00eda cl\u00ednica.<\/p>\n<p><a href=\"https:\/\/www.bd.com\/en-us\/offerings\/capabilities\/microbiology-solutions\/identification-and-susceptibility-testing\/bbl-disc-diffusion\/bd-bbl-sensi-disc-antimicrobial-susceptibility-test-discs\"><span style=\"color: #ff0000;\"><strong>MAYOR INFORMACI\u00d3N<\/strong><\/span><\/a><\/p>\n","protected":false},"featured_media":4990,"comment_status":"open","ping_status":"closed","template":"","meta":[],"class_list":{"0":"post-4989","1":"product","2":"type-product","3":"status-publish","4":"has-post-thumbnail","6":"product_cat-bacteriologia","7":"product_tag-becton-dickinson","9":"first","10":"instock","11":"shipping-taxable","12":"product-type-simple"},"_links":{"self":[{"href":"http:\/\/www.terratec.com.bo\/index.php?rest_route=\/wp\/v2\/product\/4989","targetHints":{"allow":["GET"]}}],"collection":[{"href":"http:\/\/www.terratec.com.bo\/index.php?rest_route=\/wp\/v2\/product"}],"about":[{"href":"http:\/\/www.terratec.com.bo\/index.php?rest_route=\/wp\/v2\/types\/product"}],"replies":[{"embeddable":true,"href":"http:\/\/www.terratec.com.bo\/index.php?rest_route=%2Fwp%2Fv2%2Fcomments&post=4989"}],"version-history":[{"count":2,"href":"http:\/\/www.terratec.com.bo\/index.php?rest_route=\/wp\/v2\/product\/4989\/revisions"}],"predecessor-version":[{"id":4992,"href":"http:\/\/www.terratec.com.bo\/index.php?rest_route=\/wp\/v2\/product\/4989\/revisions\/4992"}],"wp:featuredmedia":[{"embeddable":true,"href":"http:\/\/www.terratec.com.bo\/index.php?rest_route=\/wp\/v2\/media\/4990"}],"wp:attachment":[{"href":"http:\/\/www.terratec.com.bo\/index.php?rest_route=%2Fwp%2Fv2%2Fmedia&parent=4989"}],"curies":[{"name":"wp","href":"https:\/\/api.w.org\/{rel}","templated":true}]}}