{"id":4898,"date":"2020-04-26T22:17:16","date_gmt":"2020-04-26T20:17:16","guid":{"rendered":"http:\/\/www.terratec.com.bo\/?post_type=product&#038;p=4898"},"modified":"2022-10-26T04:52:01","modified_gmt":"2022-10-26T02:52:01","slug":"titration-excellence","status":"publish","type":"product","link":"http:\/\/www.terratec.com.bo\/?product=titration-excellence","title":{"rendered":"Titration Excellence"},"content":{"rendered":"<h2><span style=\"color: #e8b210;\"><strong>MODELOS DISPONIBLES:<\/strong><\/span><\/h2>\n<ol>\n<li>\n<h6 style=\"text-align: left;\"><span style=\"color: #ff0000;\"><strong>Titrator Excellence T5<\/strong><\/span><br \/>\nValorador vers\u00e1til para todas las aplicaciones.<span class=\"extend\">El valorador T5 Excellence ofrece la m\u00e1xima flexibilidad en aplicaciones potenciom\u00e9tricas y de Karl Fischer. Ampliable de una a cuatro buretas para crecer en funci\u00f3n de las necesidades . Compatible con la automatizaci\u00f3n InMotion para un alto rendimiento en las comprobaciones.<\/span><\/h6>\n<\/li>\n<li style=\"text-align: left;\">\n<h6><span style=\"color: #ff0000;\"><strong>Titrator Excellence T7<\/strong><\/span><\/h6>\n<p>Valorador vers\u00e1til para todas las aplicaciones.<span class=\"extend\">El T7 ampl\u00eda la modularidad para la l\u00ednea de valoradores Excellence: de una a cuatro buretas, adem\u00e1s de una tarjeta de sensor adicional para crecer con las necesidades avanzadas incluido el KF. Compatible con la automatizaci\u00f3n de InMotion y con la actualizaci\u00f3n a T9 con todas las funcionalidades.<\/span><\/li>\n<li>\n<h6 style=\"text-align: left;\"><span style=\"color: #ff0000;\"><strong>Titrator Excellence T9<\/strong><\/span><\/h6>\n<h6 style=\"text-align: left;\" data-swiftype-name=\"description\" data-swiftype-type=\"string\">Valorador vers\u00e1til para todas las aplicaciones.<span class=\"extend\">El T9 ofrece la m\u00e1xima modularidad dentro de la l\u00ednea Excellence. Ampliable de una a ocho buretas adem\u00e1s de dos tarjetas de sensor adicionales en funci\u00f3n de las necesidades , incluido Karl Fischer. Compatible con la automatizaci\u00f3n InMotion y dos tareas de valoraci\u00f3n simult\u00e1neas.<\/span><\/h6>\n<\/li>\n<\/ol>\n","protected":false},"excerpt":{"rendered":"<h3 class=\"responsive-content-title\" style=\"text-align: left;\">A la medida de sus necesidades<\/h3>\n<h3 class=\"responsive-content-title\" style=\"text-align: left;\"><strong>Eficiente, seguro y modular<\/strong><\/h3>\n<ul>\n<li style=\"text-align: left;\">Interfaz de usuario intuitiva One Click<sup>\u00ae<\/sup><\/li>\n<li style=\"text-align: left;\">Pantalla inicial personal<\/li>\n<li style=\"text-align: left;\">Expandible a una amplia gama de aplicaciones, valoraciones volum\u00e9tricas o coulom\u00e9tricas de Karl-Fischer, valoraciones de conductividad, etc.<\/li>\n<li style=\"text-align: left;\">Gesti\u00f3n de datos flexible<\/li>\n<li style=\"text-align: left;\">Reconocimiento y Plug &amp; Play en caliente de sensores y buretas<\/li>\n<li style=\"text-align: left;\">Aumente la eficacia gracias al concepto StatusLight\u2122<\/li>\n<li style=\"text-align: left;\">Tecnolog\u00eda SmartSample integrada<\/li>\n<li style=\"text-align: left;\">Modularidad m\u00e1xima con gran cantidad de accesorios.<\/li>\n<\/ul>\n<p><a href=\"https:\/\/www.mt.com\/int\/es\/home\/products\/Laboratory_Analytics_Browse\/Product_Family_Browse_titrators_main\/Titration_Excellence.html#models-and-specs\"><span style=\"color: #ff0000;\"><strong>MAYOR INFORMACI\u00d3N<\/strong><\/span><\/a><\/p>\n","protected":false},"featured_media":4899,"comment_status":"open","ping_status":"closed","template":"","meta":[],"class_list":{"0":"post-4898","1":"product","2":"type-product","3":"status-publish","4":"has-post-thumbnail","6":"product_cat-fisico-quimico","7":"product_tag-mettler-toledo","9":"first","10":"instock","11":"shipping-taxable","12":"product-type-simple"},"_links":{"self":[{"href":"http:\/\/www.terratec.com.bo\/index.php?rest_route=\/wp\/v2\/product\/4898","targetHints":{"allow":["GET"]}}],"collection":[{"href":"http:\/\/www.terratec.com.bo\/index.php?rest_route=\/wp\/v2\/product"}],"about":[{"href":"http:\/\/www.terratec.com.bo\/index.php?rest_route=\/wp\/v2\/types\/product"}],"replies":[{"embeddable":true,"href":"http:\/\/www.terratec.com.bo\/index.php?rest_route=%2Fwp%2Fv2%2Fcomments&post=4898"}],"version-history":[{"count":5,"href":"http:\/\/www.terratec.com.bo\/index.php?rest_route=\/wp\/v2\/product\/4898\/revisions"}],"predecessor-version":[{"id":4997,"href":"http:\/\/www.terratec.com.bo\/index.php?rest_route=\/wp\/v2\/product\/4898\/revisions\/4997"}],"wp:featuredmedia":[{"embeddable":true,"href":"http:\/\/www.terratec.com.bo\/index.php?rest_route=\/wp\/v2\/media\/4899"}],"wp:attachment":[{"href":"http:\/\/www.terratec.com.bo\/index.php?rest_route=%2Fwp%2Fv2%2Fmedia&parent=4898"}],"curies":[{"name":"wp","href":"https:\/\/api.w.org\/{rel}","templated":true}]}}