{"id":4854,"date":"2020-04-06T03:02:33","date_gmt":"2020-04-06T01:02:33","guid":{"rendered":"http:\/\/www.terratec.com.bo\/?post_type=product&#038;p=4854"},"modified":"2022-10-25T21:45:56","modified_gmt":"2022-10-25T19:45:56","slug":"hemocultivos-bd-bactec","status":"publish","type":"product","link":"http:\/\/www.terratec.com.bo\/?product=hemocultivos-bd-bactec","title":{"rendered":"Hemocultivos  BD BACTEC"},"content":{"rendered":"<p style=\"text-align: left;\">Con un mayor enfoque en la sepsis y desaf\u00edos crecientes debido a resistencia a los antimicrobianos, es m\u00e1s importante que nunca para los hospitales diagnosticar y tratar con precisi\u00f3n el s\u00e9ptico pacientes Elegir el m\u00e1s sensible sistema de cultivo de sangre y tipo de medio ayuda a los m\u00e9dicos a hacer r\u00e1pido, preciso diagn\u00f3stica e inicia apropiado opciones de tratamiento, lo que resulta en una mejor resultados del paciente y por lo tanto reducidos<br \/>\nduraci\u00f3n de la estancia.<br \/>\nDe acuerdo con la \u00absepsis sobreviviente Campa\u00f1a \u00ab, se recomienda obtener cultivos apropiados antes antibi\u00f3ticos iniciales siempre que esto no demora significativamente administraci\u00f3n de antimicrobianos .<br \/>\nSin embargo, uno de los mejores desaf\u00edos en el cultivo de sangre es el hecho de que entre pacientes de quien hemocultivos se han obtenido, 28-63% est\u00e1n en terapia con antibi\u00f3ticos en el momento de la extracci\u00f3n de sangre.<br \/>\nEsto puede afectar negativamente la recuperaci\u00f3n de lo etiol\u00f3gico agente.<\/p>\n","protected":false},"excerpt":{"rendered":"<p style=\"text-align: left;\">Hist\u00f3ricamente, los medios de cultivo de sangre BD BACTEC \u2122 siempre han ofrecido una recuperaci\u00f3n mejorada de los aislados de los cultivos de sangre para ayudar a identificar los episodios de bacteriemia antes.<\/p>\n<p style=\"text-align: left;\">Los sistemas de cultivo de sangre BD BACTEC \u2122 utilizan la variedad de medios actuales, desde Plus y Lytic hasta PED y medios especiales para la recuperaci\u00f3n de levaduras, hongos o micobacterias, para satisfacer sus diferentes necesidades de hemocultivo y poblaci\u00f3n de pacientes.<\/p>\n<p><span style=\"color: #ff0000;\"><strong><a style=\"color: #ff0000;\" href=\"https:\/\/www.bd.com\/en-uk\/products\/diagnostics-systems\/blood-culture-systems\/bactec-media\">Mayor Informaci\u00f3n<\/a><\/strong><\/span><\/p>\n","protected":false},"featured_media":4993,"comment_status":"open","ping_status":"closed","template":"","meta":[],"class_list":{"0":"post-4854","1":"product","2":"type-product","3":"status-publish","4":"has-post-thumbnail","6":"product_cat-bacteriologia","7":"product_tag-becton-dickinson","9":"first","10":"instock","11":"shipping-taxable","12":"product-type-simple"},"_links":{"self":[{"href":"http:\/\/www.terratec.com.bo\/index.php?rest_route=\/wp\/v2\/product\/4854","targetHints":{"allow":["GET"]}}],"collection":[{"href":"http:\/\/www.terratec.com.bo\/index.php?rest_route=\/wp\/v2\/product"}],"about":[{"href":"http:\/\/www.terratec.com.bo\/index.php?rest_route=\/wp\/v2\/types\/product"}],"replies":[{"embeddable":true,"href":"http:\/\/www.terratec.com.bo\/index.php?rest_route=%2Fwp%2Fv2%2Fcomments&post=4854"}],"version-history":[{"count":2,"href":"http:\/\/www.terratec.com.bo\/index.php?rest_route=\/wp\/v2\/product\/4854\/revisions"}],"predecessor-version":[{"id":4995,"href":"http:\/\/www.terratec.com.bo\/index.php?rest_route=\/wp\/v2\/product\/4854\/revisions\/4995"}],"wp:featuredmedia":[{"embeddable":true,"href":"http:\/\/www.terratec.com.bo\/index.php?rest_route=\/wp\/v2\/media\/4993"}],"wp:attachment":[{"href":"http:\/\/www.terratec.com.bo\/index.php?rest_route=%2Fwp%2Fv2%2Fmedia&parent=4854"}],"curies":[{"name":"wp","href":"https:\/\/api.w.org\/{rel}","templated":true}]}}