{"id":4851,"date":"2020-04-06T02:50:27","date_gmt":"2020-04-06T00:50:27","guid":{"rendered":"http:\/\/www.terratec.com.bo\/?post_type=product&#038;p=4851"},"modified":"2020-05-19T01:54:53","modified_gmt":"2020-05-18T23:54:53","slug":"sistema-de-cultivo-de-sangre-bd-bactec-fx40","status":"publish","type":"product","link":"http:\/\/www.terratec.com.bo\/?product=sistema-de-cultivo-de-sangre-bd-bactec-fx40","title":{"rendered":"Sistema de cultivo de sangre BD BACTEC \u2122 FX40"},"content":{"rendered":"<p style=\"text-align: left;\"><strong>Flujo de trabajo r\u00e1pido e intuitivo para m\u00e1xima facilidad de uso:<\/strong><\/p>\n<p style=\"text-align: left;\">\u2022 Flujo de trabajo activado por viales para reducir tiempo de manejo con las manos.<br \/>\n\u2022 Interfaz de usuario superior con computadora pantalla t\u00e1ctil.<\/p>\n<p style=\"text-align: left;\"><strong>Ergonom\u00eda optimizada para m\u00e1xima flexibilidad:<\/strong><\/p>\n<p style=\"text-align: left;\">\u2022 El dise\u00f1o modular proporciona un dise\u00f1o flexible.<\/p>\n<p style=\"text-align: left;\"><strong>Funciones de conectividad completas para <\/strong><strong>m\u00e1ximo acceso a la informaci\u00f3n:<\/strong><br \/>\n\u2022 BD BACTECTM FX40 se puede ubicar f\u00e1cilmente en salas u otras ubicaciones remotas para el cultivo de sangre por sat\u00e9lite.<br \/>\n\u2022 Monitoreo automatizado de los vol\u00famenes de sangre y frascos de hemocultivo recogidos por paciente para mejores pr\u00e1cticas en hemocultivos preanal\u00edticos<\/p>\n","protected":false},"excerpt":{"rendered":"<p style=\"text-align: left;\">El instrumento de cultivo de sangre BD BACTEC FX40 es un sistema modular a un precio asequible que ofrece a los clientes de menor volumen la oportunidad de acceder al flujo de trabajo y al rendimiento de \u00faltima generaci\u00f3n del sistema BD BACTEC FX.<\/p>\n<p style=\"text-align: left;\"><span style=\"color: #ff0000;\"><strong><a style=\"color: #ff0000;\" href=\"file:\/\/\/C:\/Users\/Pablo\/Downloads\/DS_BLD_BD-BACTEC-FX40-Blood-Culture-System_BR_EN.pdf\">Mayor Informaci\u00f3n<\/a><\/strong><\/span><\/p>\n","protected":false},"featured_media":4852,"comment_status":"open","ping_status":"closed","template":"","meta":[],"class_list":{"0":"post-4851","1":"product","2":"type-product","3":"status-publish","4":"has-post-thumbnail","6":"product_cat-bacteriologia","7":"product_tag-becton-dickinson","9":"first","10":"instock","11":"shipping-taxable","12":"product-type-simple"},"_links":{"self":[{"href":"http:\/\/www.terratec.com.bo\/index.php?rest_route=\/wp\/v2\/product\/4851","targetHints":{"allow":["GET"]}}],"collection":[{"href":"http:\/\/www.terratec.com.bo\/index.php?rest_route=\/wp\/v2\/product"}],"about":[{"href":"http:\/\/www.terratec.com.bo\/index.php?rest_route=\/wp\/v2\/types\/product"}],"replies":[{"embeddable":true,"href":"http:\/\/www.terratec.com.bo\/index.php?rest_route=%2Fwp%2Fv2%2Fcomments&post=4851"}],"version-history":[{"count":1,"href":"http:\/\/www.terratec.com.bo\/index.php?rest_route=\/wp\/v2\/product\/4851\/revisions"}],"predecessor-version":[{"id":4853,"href":"http:\/\/www.terratec.com.bo\/index.php?rest_route=\/wp\/v2\/product\/4851\/revisions\/4853"}],"wp:featuredmedia":[{"embeddable":true,"href":"http:\/\/www.terratec.com.bo\/index.php?rest_route=\/wp\/v2\/media\/4852"}],"wp:attachment":[{"href":"http:\/\/www.terratec.com.bo\/index.php?rest_route=%2Fwp%2Fv2%2Fmedia&parent=4851"}],"curies":[{"name":"wp","href":"https:\/\/api.w.org\/{rel}","templated":true}]}}