{"id":4782,"date":"2020-04-05T04:30:30","date_gmt":"2020-04-05T02:30:30","guid":{"rendered":"http:\/\/www.terratec.com.bo\/?post_type=product&#038;p=4782"},"modified":"2020-05-19T01:57:02","modified_gmt":"2020-05-18T23:57:02","slug":"analizador-biomajesty","status":"publish","type":"product","link":"http:\/\/www.terratec.com.bo\/?product=analizador-biomajesty","title":{"rendered":"Analizador BioMajesty"},"content":{"rendered":"<p style=\"text-align: left;\"><strong>Flujos de trabajo optimizados<\/strong><br \/>\nSe ha prestado especial atenci\u00f3n al software para combinar la m\u00e1xima facilidad de uso con resultados \u00f3ptimamente seguros. Una caracter\u00edstica especial es la funci\u00f3n integrada de hem\u00f3lisis a bordo para la determinaci\u00f3n optimizada de HbA1c. La extensi\u00f3n del rango din\u00e1mico hace que las diluciones adicionales sean superfluas y un puerto STAT dedicado permite el procesamiento STAT inmediato. La tecnolog\u00eda de detecci\u00f3n de co\u00e1gulos y sensor de nivel de l\u00edquido garantiza la confianza en los resultados.<\/p>\n<p style=\"text-align: left;\"><strong>Paciente amigable<\/strong><br \/>\nEl analizador funciona con vol\u00famenes de muestra muy peque\u00f1os, por lo que es el instrumento perfecto en entornos pedi\u00e1tricos y geri\u00e1tricos.<\/p>\n<p style=\"text-align: left;\"><strong>Econ\u00f3mico<\/strong><br \/>\nEl BioMajesty\u00ae JCA-BM6010 \/ C es el sistema con la huella m\u00e1s peque\u00f1a de su clase, por lo que ahorra un valioso espacio de laboratorio. DiaSys suministra reactivos listos para usar, conocidos por su excelente estabilidad a bordo con el instrumento. El resultado, junto con un consumo de reactivo extremadamente bajo, es la rentabilidad en el orden m\u00e1s alto.<\/p>\n","protected":false},"excerpt":{"rendered":"<p>El BioMajesty\u00ae JCA-BM6010 \/ C est\u00e1 dise\u00f1ado para aumentar el rendimiento de los laboratorios medianos. Tambi\u00e9n es el sistema ideal para laboratorios especializados. El rendimiento de hasta 1.200 pruebas \/ hora, 45 reactivos y 84 posiciones de muestra garantizan la flexibilidad en el uso diario. Maneja un men\u00fa completo de ensayos fotom\u00e9tricos e inmunoturbidim\u00e9tricos, as\u00ed como la determinaci\u00f3n de Na, K, Cl por m\u00e9todos indirectos de ISE.<\/p>\n<p><span style=\"color: #ff0000;\"><a style=\"color: #ff0000;\" href=\"https:\/\/www.diasys-diagnostics.com\/products\/instruments\/biomajestyr-jca-bm6010c\/#tab-state-3270-3269\" target=\"_blank\" rel=\"noopener noreferrer\">Mayor Informaci\u00f3n<\/a><\/span><\/p>\n","protected":false},"featured_media":4783,"comment_status":"open","ping_status":"closed","template":"","meta":[],"class_list":{"0":"post-4782","1":"product","2":"type-product","3":"status-publish","4":"has-post-thumbnail","6":"product_cat-quimica-sanguinea","7":"product_tag-becton-dickinson","9":"first","10":"instock","11":"shipping-taxable","12":"product-type-simple"},"_links":{"self":[{"href":"http:\/\/www.terratec.com.bo\/index.php?rest_route=\/wp\/v2\/product\/4782","targetHints":{"allow":["GET"]}}],"collection":[{"href":"http:\/\/www.terratec.com.bo\/index.php?rest_route=\/wp\/v2\/product"}],"about":[{"href":"http:\/\/www.terratec.com.bo\/index.php?rest_route=\/wp\/v2\/types\/product"}],"replies":[{"embeddable":true,"href":"http:\/\/www.terratec.com.bo\/index.php?rest_route=%2Fwp%2Fv2%2Fcomments&post=4782"}],"version-history":[{"count":6,"href":"http:\/\/www.terratec.com.bo\/index.php?rest_route=\/wp\/v2\/product\/4782\/revisions"}],"predecessor-version":[{"id":5794,"href":"http:\/\/www.terratec.com.bo\/index.php?rest_route=\/wp\/v2\/product\/4782\/revisions\/5794"}],"wp:featuredmedia":[{"embeddable":true,"href":"http:\/\/www.terratec.com.bo\/index.php?rest_route=\/wp\/v2\/media\/4783"}],"wp:attachment":[{"href":"http:\/\/www.terratec.com.bo\/index.php?rest_route=%2Fwp%2Fv2%2Fmedia&parent=4782"}],"curies":[{"name":"wp","href":"https:\/\/api.w.org\/{rel}","templated":true}]}}