{"id":4715,"date":"2019-11-12T06:44:50","date_gmt":"2019-11-12T05:44:50","guid":{"rendered":"http:\/\/www.terratec.com.bo\/?post_type=product&#038;p=4715"},"modified":"2020-05-19T01:58:48","modified_gmt":"2020-05-18T23:58:48","slug":"lector-de-inmunologia-ire-96","status":"publish","type":"product","link":"http:\/\/www.terratec.com.bo\/?product=lector-de-inmunologia-ire-96","title":{"rendered":"Lector de inmunolog\u00eda IRE 96"},"content":{"rendered":"<p style=\"text-align: left;\">Como lector de microplacas de absorbancia, el IRE 96 est\u00e1 dise\u00f1ado para almacenar, leer y procesar datos de ensayos ELISA para aplicaciones dentro de las \u00e1reas cl\u00ednicas y de investigaci\u00f3n. El IRE 96 ha sido desarrollado para proporcionar un medio de ejecutar an\u00e1lisis de alto rendimiento de inmunoensayos en un formato f\u00e1cil de usar de 96 pocillos.<\/p>\n<p style=\"text-align: left;\">Aplicaciones: ensayos ELISA<br \/>\nUn lector aut\u00f3nomo de bajo mantenimiento.<br \/>\nEcon\u00f3mico, f\u00e1cil de usar, r\u00e1pido de configurar y que requiere un entrenamiento m\u00ednimo<br \/>\nSimple y robusto sin caracter\u00edsticas innecesarias.<br \/>\nPlaca de 96 pocillos en U, V o fondo plano<\/p>\n<p style=\"text-align: left;\">\n","protected":false},"excerpt":{"rendered":"<p>IRE 96, un lector de microplacas simple pero eficiente.<br \/>\nUn lector de microplacas de absorci\u00f3n ELISA que garantiza sus d\u00edas de trabajo duro.<\/p>\n<p><span style=\"color: #ff0000;\"><strong><a style=\"color: #ff0000;\" href=\"https:\/\/www.sfri.fr\/iwire\">Mayor Informaci\u00f3n<\/a><\/strong><\/span><\/p>\n","protected":false},"featured_media":4716,"comment_status":"open","ping_status":"closed","template":"","meta":[],"class_list":{"0":"post-4715","1":"product","2":"type-product","3":"status-publish","4":"has-post-thumbnail","6":"product_cat-inmunologia","7":"product_tag-sfri","9":"first","10":"instock","11":"shipping-taxable","12":"product-type-simple"},"_links":{"self":[{"href":"http:\/\/www.terratec.com.bo\/index.php?rest_route=\/wp\/v2\/product\/4715","targetHints":{"allow":["GET"]}}],"collection":[{"href":"http:\/\/www.terratec.com.bo\/index.php?rest_route=\/wp\/v2\/product"}],"about":[{"href":"http:\/\/www.terratec.com.bo\/index.php?rest_route=\/wp\/v2\/types\/product"}],"replies":[{"embeddable":true,"href":"http:\/\/www.terratec.com.bo\/index.php?rest_route=%2Fwp%2Fv2%2Fcomments&post=4715"}],"version-history":[{"count":3,"href":"http:\/\/www.terratec.com.bo\/index.php?rest_route=\/wp\/v2\/product\/4715\/revisions"}],"predecessor-version":[{"id":4807,"href":"http:\/\/www.terratec.com.bo\/index.php?rest_route=\/wp\/v2\/product\/4715\/revisions\/4807"}],"wp:featuredmedia":[{"embeddable":true,"href":"http:\/\/www.terratec.com.bo\/index.php?rest_route=\/wp\/v2\/media\/4716"}],"wp:attachment":[{"href":"http:\/\/www.terratec.com.bo\/index.php?rest_route=%2Fwp%2Fv2%2Fmedia&parent=4715"}],"curies":[{"name":"wp","href":"https:\/\/api.w.org\/{rel}","templated":true}]}}