{"id":4702,"date":"2019-11-12T06:09:50","date_gmt":"2019-11-12T05:09:50","guid":{"rendered":"http:\/\/www.terratec.com.bo\/?post_type=product&#038;p=4702"},"modified":"2020-05-19T02:00:53","modified_gmt":"2020-05-19T00:00:53","slug":"contador-de-celulas-sanguineas-de-alto-rendimiento-hemix-5-60","status":"publish","type":"product","link":"http:\/\/www.terratec.com.bo\/?product=contador-de-celulas-sanguineas-de-alto-rendimiento-hemix-5-60","title":{"rendered":"Contador de c\u00e9lulas sangu\u00edneas de alto rendimiento Hemix 5 60"},"content":{"rendered":"<p style=\"text-align: left;\">HEMIX 5-60 es un instrumento de 60 t \/ h, 26 par\u00e1metros, perfectamente adaptado a clientes peque\u00f1os y medianos que son sensibles a los costos y muy exigentes.<\/p>\n<p style=\"text-align: left;\">El analizador HEMIX 5-60 es un instrumento uno en 4. Puede funcionar en tubos cerrados o abiertos y puede usarse manualmente o con un cargador autom\u00e1tico con solo un clic.<\/p>\n<p style=\"text-align: left;\">Solo 3 reactivos para administrar<br \/>\nMuy bajo mantenimiento<br \/>\nTiempo de inactividad operacional m\u00ednimo<br \/>\nComponentes probados con fallas m\u00ednimas<br \/>\n+ 4 opciones flexibles: tubos abiertos o cerrados \/ manual o autocargador<br \/>\nModos \u00abPlug &amp; Play\u00bb<\/p>\n","protected":false},"excerpt":{"rendered":"<p>An\u00e1lisis de diferencias f\u00e1cil de 5 partes \u00abPush and Go\u00bb<\/p>\n<p>Un contador de c\u00e9lulas sangu\u00edneas de alto rendimiento sensible al costo con una moderna interfaz de pantalla t\u00e1ctil.<\/p>\n<p><strong><span style=\"color: #ff0000;\"><a style=\"color: #ff0000;\" href=\"https:\/\/www.sfri.fr\/hemix-5-60\">Mayor Informaci\u00f3n<\/a><\/span><\/strong><\/p>\n","protected":false},"featured_media":4703,"comment_status":"open","ping_status":"closed","template":"","meta":[],"class_list":{"0":"post-4702","1":"product","2":"type-product","3":"status-publish","4":"has-post-thumbnail","6":"product_cat-hematologia","7":"product_tag-sfri","9":"first","10":"instock","11":"shipping-taxable","12":"product-type-simple"},"_links":{"self":[{"href":"http:\/\/www.terratec.com.bo\/index.php?rest_route=\/wp\/v2\/product\/4702","targetHints":{"allow":["GET"]}}],"collection":[{"href":"http:\/\/www.terratec.com.bo\/index.php?rest_route=\/wp\/v2\/product"}],"about":[{"href":"http:\/\/www.terratec.com.bo\/index.php?rest_route=\/wp\/v2\/types\/product"}],"replies":[{"embeddable":true,"href":"http:\/\/www.terratec.com.bo\/index.php?rest_route=%2Fwp%2Fv2%2Fcomments&post=4702"}],"version-history":[{"count":4,"href":"http:\/\/www.terratec.com.bo\/index.php?rest_route=\/wp\/v2\/product\/4702\/revisions"}],"predecessor-version":[{"id":4846,"href":"http:\/\/www.terratec.com.bo\/index.php?rest_route=\/wp\/v2\/product\/4702\/revisions\/4846"}],"wp:featuredmedia":[{"embeddable":true,"href":"http:\/\/www.terratec.com.bo\/index.php?rest_route=\/wp\/v2\/media\/4703"}],"wp:attachment":[{"href":"http:\/\/www.terratec.com.bo\/index.php?rest_route=%2Fwp%2Fv2%2Fmedia&parent=4702"}],"curies":[{"name":"wp","href":"https:\/\/api.w.org\/{rel}","templated":true}]}}