{"id":4666,"date":"2019-11-11T14:25:03","date_gmt":"2019-11-11T13:25:03","guid":{"rendered":"http:\/\/www.terratec.com.bo\/?post_type=product&#038;p=4666"},"modified":"2020-05-19T02:03:13","modified_gmt":"2020-05-19T00:03:13","slug":"balanza-precision-ms1602ts","status":"publish","type":"product","link":"http:\/\/www.terratec.com.bo\/?product=balanza-precision-ms1602ts","title":{"rendered":"Balanza precision MS1602TS"},"content":{"rendered":"<p style=\"text-align: left;\">Especificaciones &#8211; Balanza precision MS1602TS \/ M00<br \/>\nCapacidad m\u00e1xima 1.620 g<br \/>\nLegibilidad 0,01 g<br \/>\nInterfaces; Host USB; Dispositivo USB; RS232;<br \/>\nAjuste Interno \/ HECHO<br \/>\nCon autorizaci\u00f3n legal S\u00ed<br \/>\nRepetibilidad (t\u00edpica) 0,007 g<br \/>\nPesada m\u00ednima (U = 1%, k = 2), t\u00edpica 1,4 g<br \/>\nTiempo de estabilizaci\u00f3n 1,5 s<br \/>\nRepetibilidad (prueba de Pesa) 0,01 g (500 g)<br \/>\nDimensiones del plato de pesaje (AxF) 200 mm x 170 mm<br \/>\nPesada m\u00ednima de acuerdo a USP 0,1% 14 g<br \/>\nLinealidad \u00b1 0,02 g<br \/>\nPantalla Pantalla t\u00e1ctil TFT a color de 7 \u00bb<br \/>\nDimensiones (FxAxA) 347 mm x 99 mm x 194 mm<br \/>\nAplicaciones Pesaje; Pesada diferencial; Pesaje diferencial; Control de peso; Totalizaci\u00f3n; Formulaci\u00f3n Masa vol\u00famica; Pesaje din\u00e1mico; Pesaje porcentual; Recuento; Pesaje con factor<br \/>\nRepetibilidad garantizada 0,01 g<br \/>\nConstrucci\u00f3n Aluminio fundido<br \/>\nLinealidad tipica 0,006 g<br \/>\nAlimentaci\u00f3n Fuente de alimentaci\u00f3n CA<br \/>\nPrecisi\u00f3n de temperatura (\u00b1) 3 ppm \/ \u00b0 C<br \/>\nLegibilidad (certificada) 0,1 g<br \/>\nDise\u00f1o higi\u00e9nico S\u00ed<br \/>\nN\u00famero de material 3013356<\/p>\n","protected":false},"excerpt":{"rendered":"<p>Especificaciones &#8211; Balanza precision MS1602TS \/ M00 Capacidad m\u00e1xima 1.620 g Legibilidad 0,01 g Interfaces; Host USB; Dispositivo USB; RS232; Ajuste Interno \/ HECHO Con autorizaci\u00f3n legal S\u00ed Repetibilidad (t\u00edpica) 0,007 g Pesada m\u00ednima (U = 1%, k = 2), t\u00edpica 1,4 g Tiempo de estabilizaci\u00f3n 1,5 s Repetibilidad (prueba de Pesa) 0,01 g (500 [&hellip;]<\/p>\n","protected":false},"featured_media":4667,"comment_status":"open","ping_status":"closed","template":"","meta":[],"class_list":{"0":"post-4666","1":"product","2":"type-product","3":"status-publish","4":"has-post-thumbnail","6":"product_cat-pesaje","7":"product_tag-mettler-toledo","9":"first","10":"instock","11":"shipping-taxable","12":"product-type-simple"},"_links":{"self":[{"href":"http:\/\/www.terratec.com.bo\/index.php?rest_route=\/wp\/v2\/product\/4666","targetHints":{"allow":["GET"]}}],"collection":[{"href":"http:\/\/www.terratec.com.bo\/index.php?rest_route=\/wp\/v2\/product"}],"about":[{"href":"http:\/\/www.terratec.com.bo\/index.php?rest_route=\/wp\/v2\/types\/product"}],"replies":[{"embeddable":true,"href":"http:\/\/www.terratec.com.bo\/index.php?rest_route=%2Fwp%2Fv2%2Fcomments&post=4666"}],"version-history":[{"count":1,"href":"http:\/\/www.terratec.com.bo\/index.php?rest_route=\/wp\/v2\/product\/4666\/revisions"}],"predecessor-version":[{"id":4668,"href":"http:\/\/www.terratec.com.bo\/index.php?rest_route=\/wp\/v2\/product\/4666\/revisions\/4668"}],"wp:featuredmedia":[{"embeddable":true,"href":"http:\/\/www.terratec.com.bo\/index.php?rest_route=\/wp\/v2\/media\/4667"}],"wp:attachment":[{"href":"http:\/\/www.terratec.com.bo\/index.php?rest_route=%2Fwp%2Fv2%2Fmedia&parent=4666"}],"curies":[{"name":"wp","href":"https:\/\/api.w.org\/{rel}","templated":true}]}}